{"id":4173,"date":"2017-07-29T09:08:27","date_gmt":"2017-07-29T12:08:27","guid":{"rendered":"https:\/\/www.adventurepulv.com.br\/site\/?page_id=4173"},"modified":"2017-10-02T10:52:44","modified_gmt":"2017-10-02T13:52:44","slug":"termo-de-garantia","status":"publish","type":"page","link":"https:\/\/www.adventurepulv.com.br\/site\/termo-de-garantia\/","title":{"rendered":"Termo de Garantia"},"content":{"rendered":"<div class=\"flex_column av_one_full  flex_column_div av-zero-column-padding first  \" style='border-radius:0px; '><p><div style='height:50px' class='hr hr-invisible '><span class='hr-inner ' ><span class='hr-inner-style'><\/span><\/span><\/div><br \/>\n<section class=\"av_textblock_section\"  itemscope=\"itemscope\" itemtype=\"https:\/\/schema.org\/CreativeWork\" ><div class='avia_textblock  av_inherit_color'  style='color:#ed1c24; '  itemprop=\"text\" ><h1 style=\"text-align: center;\">Termo de Garantia<\/h1>\n<\/div><\/section><br \/>\n<section class=\"av_textblock_section\"  itemscope=\"itemscope\" itemtype=\"https:\/\/schema.org\/CreativeWork\" ><div class='avia_textblock '   itemprop=\"text\" ><p><strong>TERMO DE GARANTIA<\/strong><br \/>\nM\u00e1quinas Agr\u00edcolas ADVENTURE Pulverizadores. Conceder\u00e1 ao comprador original a garantia de pe\u00e7as ou componentes que, em servi\u00e7o e uso normal, apresentarem defeitos de fabrica\u00e7\u00e3o ou de mat\u00e9ria-prima devidamente comprovados pela ADVENTURE Pulverizadores, obedecendo as seguintes regras:<\/p>\n<p><strong>PRAZO DE GARANTIA:<\/strong><br \/>\n06 (seis) meses ou 1200 horas, prevalecendo o que vencer primeiro, contados da data registrada no Certificado de Entrega T\u00e9cnica.<\/p>\n<p><strong>APLICA\u00c7\u00c3O DA GARANTIA:<\/strong><br \/>\nAs pe\u00e7as substitu\u00eddas nesse regime ser\u00e3o de propriedade da ADVENTURE Pulverizadores.<\/p>\n<p><strong>PERDA DA GARANTIA:<\/strong><br \/>\nCessar\u00e3o os efeitos da garantia, quando forem constatadas quaisquer das seguintes causas:<br \/>\nMau uso do equipamento contrariando as instru\u00e7\u00f5es t\u00e9cnicas do manual;<br \/>\nAbusos, sobrecargas ou acidentes, consertos ou desmontagem dos componentes por pessoas n\u00e3o autorizadas;<br \/>\nContamina\u00e7\u00e3o dos circuitos hidr\u00e1ulicos por impurezas ou fluidos n\u00e3o recomendados;<br \/>\nOpera\u00e7\u00e3o ou manejo por pessoas inabilitadas, neglig\u00eancia na manuten\u00e7\u00e3o, modifica\u00e7\u00f5es introduzidas que afetem o funcionamento, estabilidade e seguran\u00e7a da m\u00e1quina.<\/p>\n<p>Uso de pe\u00e7as e componentes n\u00e3o fornecidos pela ADVENTURE Pulverizadores;<\/p>\n<p>Altera\u00e7\u00e3o do equipamento ou de qualquer caracter\u00edstica do projeto original;<br \/>\nAltera\u00e7\u00e3o, destrui\u00e7\u00e3o ou perda da plaqueta de identifica\u00e7\u00e3o do produto;<br \/>\nPreenchimento incorreto ou incompleto da requisi\u00e7\u00e3o de garantia.<br \/>\nCessar\u00e3o ainda os efeitos da garantia, quando ocorrer a utiliza\u00e7\u00e3o do pulverizador em condi\u00e7\u00f5es adversas, conforme orienta\u00e7\u00e3o da ADVENTURE Pulverizadores (abusos como: aplicar velocidades acima das recomendadas, transpor terra\u00e7os de base larga, sobrecarga de trabalho, acidentes, etc.).<\/p>\n<p><strong>ITENS EXCLU\u00cdDOS DA GARANTIA:<\/strong><br \/>\nTodas as despesas relativas a \u00f3leos do sistema hidr\u00e1ulico, \u00f3leos lubrificantes, filtros, graxas e similares, deslocamento de pessoal, reboque, transporte, socorro, mobiliza\u00e7\u00e3o da m\u00e1quina, manuten\u00e7\u00e3o normal (reabertos, limpezas, lavagem, lubrifica\u00e7\u00e3o, regulagens, etc.) ser\u00e3o de responsabilidade ADVENTURE Pulverizadores.<br \/>\nExcluem-se ainda, pneus e c\u00e2maras de ar, bateria, componentes el\u00e9tricos, motor, motor de partida, bomba injetora, alternador, etc., que s\u00e3o sujeitos \u00e0s condi\u00e7\u00f5es de garantia proporcionadas por seus fabricantes.<br \/>\nRevis\u00f5es adicionais solicitadas pelo cliente, mesmos dentro do per\u00edodo de garantia, est\u00e3o sujeitas a cobran\u00e7a, seguindo o crit\u00e9rio de cada concession\u00e1ria;<\/p>\n<p><strong>GENERALIDADES:<\/strong><br \/>\nA garantia das pe\u00e7as e dos componentes substitu\u00eddos extingue-se com o prazo de garantia do equipamento;<br \/>\n\u00c9 facultado \u00e0 ADVENTURE Pulverizadores revisar, modificar ou aperfei\u00e7oar, descontinuar ou alterar a m\u00e1quina e seus componentes, a qualquer tempo, bem como as condi\u00e7\u00f5es aqui inseridas, sem incorrer em qualquer responsabilidade ou obriga\u00e7\u00e3o para com o comprador ou terceiro.<br \/>\nA responsabilidade da ADVENTURE Pulverizadores \u00e9 restrita aos termos da presente garantia, que \u00e9 intransfer\u00edvel, cessando automaticamente quando a m\u00e1quina for cedida ou revendida.<br \/>\nAtrasos eventuais na execu\u00e7\u00e3o dos servi\u00e7os n\u00e3o conferem direito ao propriet\u00e1rio \u00e0 indeniza\u00e7\u00e3o e nem \u00e0 extens\u00e3o do prazo de garantia;<\/p>\n<p>M\u00c1QUINAS AGR\u00cdCOLAS ADVENTURE Pulverizadores.<\/p>\n<\/div><\/section><\/p><\/div>\n","protected":false},"excerpt":{"rendered":"","protected":false},"author":2,"featured_media":0,"parent":0,"menu_order":0,"comment_status":"closed","ping_status":"closed","template":"","meta":{"_joinchat":[],"footnotes":""},"class_list":["post-4173","page","type-page","status-publish","hentry"],"yoast_head":"<!-- This site is optimized with the Yoast SEO plugin v26.8 - https:\/\/yoast.com\/product\/yoast-seo-wordpress\/ -->\n<title>Termo de Garantia - Adventure Pulverizadores<\/title>\n<meta name=\"robots\" content=\"index, follow, max-snippet:-1, max-image-preview:large, max-video-preview:-1\" \/>\n<link rel=\"canonical\" href=\"https:\/\/www.adventurepulv.com.br\/site\/termo-de-garantia\/\" \/>\n<meta property=\"og:locale\" content=\"pt_BR\" \/>\n<meta property=\"og:type\" content=\"article\" \/>\n<meta property=\"og:title\" content=\"Termo de Garantia - Adventure Pulverizadores\" \/>\n<meta property=\"og:url\" content=\"https:\/\/www.adventurepulv.com.br\/site\/termo-de-garantia\/\" \/>\n<meta property=\"og:site_name\" content=\"Adventure Pulverizadores\" \/>\n<meta property=\"article:modified_time\" content=\"2017-10-02T13:52:44+00:00\" \/>\n<meta name=\"twitter:card\" content=\"summary_large_image\" \/>\n<meta name=\"twitter:label1\" content=\"Est. tempo de leitura\" \/>\n\t<meta name=\"twitter:data1\" content=\"3 minutos\" \/>\n<script type=\"application\/ld+json\" class=\"yoast-schema-graph\">{\"@context\":\"https:\/\/schema.org\",\"@graph\":[{\"@type\":\"WebPage\",\"@id\":\"https:\/\/www.adventurepulv.com.br\/site\/termo-de-garantia\/\",\"url\":\"https:\/\/www.adventurepulv.com.br\/site\/termo-de-garantia\/\",\"name\":\"Termo de Garantia - Adventure Pulverizadores\",\"isPartOf\":{\"@id\":\"https:\/\/www.adventurepulv.com.br\/site\/#website\"},\"datePublished\":\"2017-07-29T12:08:27+00:00\",\"dateModified\":\"2017-10-02T13:52:44+00:00\",\"breadcrumb\":{\"@id\":\"https:\/\/www.adventurepulv.com.br\/site\/termo-de-garantia\/#breadcrumb\"},\"inLanguage\":\"pt-BR\",\"potentialAction\":[{\"@type\":\"ReadAction\",\"target\":[\"https:\/\/www.adventurepulv.com.br\/site\/termo-de-garantia\/\"]}]},{\"@type\":\"BreadcrumbList\",\"@id\":\"https:\/\/www.adventurepulv.com.br\/site\/termo-de-garantia\/#breadcrumb\",\"itemListElement\":[{\"@type\":\"ListItem\",\"position\":1,\"name\":\"In\u00edcio\",\"item\":\"https:\/\/www.adventurepulv.com.br\/site\/\"},{\"@type\":\"ListItem\",\"position\":2,\"name\":\"Termo de Garantia\"}]},{\"@type\":\"WebSite\",\"@id\":\"https:\/\/www.adventurepulv.com.br\/site\/#website\",\"url\":\"https:\/\/www.adventurepulv.com.br\/site\/\",\"name\":\"Adventure Pulverizadores\",\"description\":\"\",\"publisher\":{\"@id\":\"https:\/\/www.adventurepulv.com.br\/site\/#organization\"},\"potentialAction\":[{\"@type\":\"SearchAction\",\"target\":{\"@type\":\"EntryPoint\",\"urlTemplate\":\"https:\/\/www.adventurepulv.com.br\/site\/?s={search_term_string}\"},\"query-input\":{\"@type\":\"PropertyValueSpecification\",\"valueRequired\":true,\"valueName\":\"search_term_string\"}}],\"inLanguage\":\"pt-BR\"},{\"@type\":\"Organization\",\"@id\":\"https:\/\/www.adventurepulv.com.br\/site\/#organization\",\"name\":\"Adventure Pulverizadores\",\"url\":\"https:\/\/www.adventurepulv.com.br\/site\/\",\"logo\":{\"@type\":\"ImageObject\",\"inLanguage\":\"pt-BR\",\"@id\":\"https:\/\/www.adventurepulv.com.br\/site\/#\/schema\/logo\/image\/\",\"url\":\"https:\/\/www.adventurepulv.com.br\/site\/wp-content\/uploads\/2025\/11\/logo-1.png\",\"contentUrl\":\"https:\/\/www.adventurepulv.com.br\/site\/wp-content\/uploads\/2025\/11\/logo-1.png\",\"width\":662,\"height\":130,\"caption\":\"Adventure Pulverizadores\"},\"image\":{\"@id\":\"https:\/\/www.adventurepulv.com.br\/site\/#\/schema\/logo\/image\/\"},\"sameAs\":[\"https:\/\/www.instagram.com\/adventurepulverizadoresoficial\/\"]}]}<\/script>\n<!-- \/ Yoast SEO plugin. -->","yoast_head_json":{"title":"Termo de Garantia - Adventure Pulverizadores","robots":{"index":"index","follow":"follow","max-snippet":"max-snippet:-1","max-image-preview":"max-image-preview:large","max-video-preview":"max-video-preview:-1"},"canonical":"https:\/\/www.adventurepulv.com.br\/site\/termo-de-garantia\/","og_locale":"pt_BR","og_type":"article","og_title":"Termo de Garantia - Adventure Pulverizadores","og_url":"https:\/\/www.adventurepulv.com.br\/site\/termo-de-garantia\/","og_site_name":"Adventure Pulverizadores","article_modified_time":"2017-10-02T13:52:44+00:00","twitter_card":"summary_large_image","twitter_misc":{"Est. tempo de leitura":"3 minutos"},"schema":{"@context":"https:\/\/schema.org","@graph":[{"@type":"WebPage","@id":"https:\/\/www.adventurepulv.com.br\/site\/termo-de-garantia\/","url":"https:\/\/www.adventurepulv.com.br\/site\/termo-de-garantia\/","name":"Termo de Garantia - Adventure Pulverizadores","isPartOf":{"@id":"https:\/\/www.adventurepulv.com.br\/site\/#website"},"datePublished":"2017-07-29T12:08:27+00:00","dateModified":"2017-10-02T13:52:44+00:00","breadcrumb":{"@id":"https:\/\/www.adventurepulv.com.br\/site\/termo-de-garantia\/#breadcrumb"},"inLanguage":"pt-BR","potentialAction":[{"@type":"ReadAction","target":["https:\/\/www.adventurepulv.com.br\/site\/termo-de-garantia\/"]}]},{"@type":"BreadcrumbList","@id":"https:\/\/www.adventurepulv.com.br\/site\/termo-de-garantia\/#breadcrumb","itemListElement":[{"@type":"ListItem","position":1,"name":"In\u00edcio","item":"https:\/\/www.adventurepulv.com.br\/site\/"},{"@type":"ListItem","position":2,"name":"Termo de Garantia"}]},{"@type":"WebSite","@id":"https:\/\/www.adventurepulv.com.br\/site\/#website","url":"https:\/\/www.adventurepulv.com.br\/site\/","name":"Adventure Pulverizadores","description":"","publisher":{"@id":"https:\/\/www.adventurepulv.com.br\/site\/#organization"},"potentialAction":[{"@type":"SearchAction","target":{"@type":"EntryPoint","urlTemplate":"https:\/\/www.adventurepulv.com.br\/site\/?s={search_term_string}"},"query-input":{"@type":"PropertyValueSpecification","valueRequired":true,"valueName":"search_term_string"}}],"inLanguage":"pt-BR"},{"@type":"Organization","@id":"https:\/\/www.adventurepulv.com.br\/site\/#organization","name":"Adventure Pulverizadores","url":"https:\/\/www.adventurepulv.com.br\/site\/","logo":{"@type":"ImageObject","inLanguage":"pt-BR","@id":"https:\/\/www.adventurepulv.com.br\/site\/#\/schema\/logo\/image\/","url":"https:\/\/www.adventurepulv.com.br\/site\/wp-content\/uploads\/2025\/11\/logo-1.png","contentUrl":"https:\/\/www.adventurepulv.com.br\/site\/wp-content\/uploads\/2025\/11\/logo-1.png","width":662,"height":130,"caption":"Adventure Pulverizadores"},"image":{"@id":"https:\/\/www.adventurepulv.com.br\/site\/#\/schema\/logo\/image\/"},"sameAs":["https:\/\/www.instagram.com\/adventurepulverizadoresoficial\/"]}]}},"_links":{"self":[{"href":"https:\/\/www.adventurepulv.com.br\/site\/wp-json\/wp\/v2\/pages\/4173","targetHints":{"allow":["GET"]}}],"collection":[{"href":"https:\/\/www.adventurepulv.com.br\/site\/wp-json\/wp\/v2\/pages"}],"about":[{"href":"https:\/\/www.adventurepulv.com.br\/site\/wp-json\/wp\/v2\/types\/page"}],"author":[{"embeddable":true,"href":"https:\/\/www.adventurepulv.com.br\/site\/wp-json\/wp\/v2\/users\/2"}],"replies":[{"embeddable":true,"href":"https:\/\/www.adventurepulv.com.br\/site\/wp-json\/wp\/v2\/comments?post=4173"}],"version-history":[{"count":0,"href":"https:\/\/www.adventurepulv.com.br\/site\/wp-json\/wp\/v2\/pages\/4173\/revisions"}],"wp:attachment":[{"href":"https:\/\/www.adventurepulv.com.br\/site\/wp-json\/wp\/v2\/media?parent=4173"}],"curies":[{"name":"wp","href":"https:\/\/api.w.org\/{rel}","templated":true}]}}